3 + 6*k**2 + 6. Let z(n) = n**3 + n**2 - n + 1. Let i(h) = o(h) - 3*z(h). Determine i(f).
1
Let p(m) be the second derivative of 3*m - 2/3*m**3 + 0 + 4*m**2. Let k = -2656 - -2662. What is p(k)?
-16
Suppose -2 = 6*j - 32. Suppose 8 = 6*c - j*c. Let i(f) be the first derivative of f**3/3 - 7*f**2/2 - 11*f - 96. Calculate i(c).
-3
Suppose -5*u - 168*z + 167*z = 33, 2*u + 4*z = -6. Let m(y) = -2*y - 10. What is m(u)?
4
Let p(v) be the third derivative of -v**4/24 - 35*v**3/6 + 3*v**2 + 253*v + 2. What is p(-27)?
-8
Let t(a) = -1 + 7*a - 2 - 4*a. Suppose 513*y + 20 = 520*y + 2*f, y - 4*f + 10 = 0. Determine t(y).
3
Let b be (20/16)/((-11)/(-44)). Let m(x) = 0 + 1 + 1 + b*x**2 + x**3 - 7 - 2*x. What is m(-5)?
5
Let y(l) = -3*l - 7. Let n = 78 - 43. Suppose 0*c - 5*c - n = 0. Determine y(c).
14
Let u(g) = g**2 - 2*g - 11. Let j be u(-3). Suppose -j*i = -6*l + l + 45, 3*l = -2*i + 5. Let t(q) = q**2 - 7*q. Give t(l).
-10
Let l(c) = 3*c - 16 - 4*c - 35 + 21 + 19. Give l(-8).
-3
Let v = 78 - 71. Let g(x) = -x**2 - 1 + 45*x + 6 - v - 50*x. Let z = 0 - 4. What is g(z)?
2
Let x(i) = 23*i**2 - 5906*i + 5905*i - 24*i**2 + 21. What is x(4)?
1
Let s(m) be the third derivative of -49*m**4/24 + 5*m**3/3 + 4*m**2 - 36*m - 2. Determine s(1).
-39
Suppose g + 3*w - 27 = 20, 4*g - 4*w - 156 = 0. Suppose -3*r + 16 = -7*r, -4*r - g = 5*i. Let m(o) = -o**2 - 5*o - 4. Calculate m(i).
-4
Let i(x) be the third derivative of x**4/24 - x**3/3 - 17*x**2. Suppose 6*h - 18 = 6. Suppose 5*q - 9 - 8 = -u, 2*u = h. Calculate i(q).
1
Let f(j) = -j - 16. Suppose -2*t = -4, 0 = 13*o - 11*o + 4*t + 4. What is f(o)?
-10
Let u(w) be the first derivative of w**5/5 + w**4/4 + w**3/3 - w**2 - 45*w + 44. Let h(m) be the first derivative of u(m). Give h(-2).
-26
Let o be (-87)/232 + (1122/(-16))/(-3). Let p(k) = k**3 - 21*k**2 - 46*k + 1. Determine p(o).
1
Suppose 34 = -3*a + 37. Let l(x) = -x - 2 + a - 5 + 2*x. Determine l(-3).
-9
Let b = 60193/12 - 5016. Let i(t) be the second derivative of 4*t - t**2 - 5/6*t**3 + 0 - b*t**4. Calculate i(-3).
4
Let j(z) be the first derivative of z**5/60 + 13*z**4/24 - 13*z**3/6 + z**2 + 99*z + 101. Let s(t) be the second derivative of j(t). Determine s(-13).
-13
Let g = -2479 - -2465. Let p(q) = -q - 16. Give p(g).
-2
Let x = -51347 - -51349. Let y(j) = -5*j**2 + 0 + 2 + 4*j**2 + 2*j**3. What is y(x)?
14
Let j(h) = 2 + 4 + h - 4. Suppose 5*t - 4*m = -41 + 59, 25 = 5*t - 5*m. Determine j(t).
0
Suppose 5*y + 127 = 7*t, -90*t + 95*t - 65 = y. Let u(v) = v - 5. Let g(q) = -3*q + 10. Let b(z) = 2*g(z) + 5*u(z). Determine b(y).
5
Let c(m) = -m**2 + 15*m + 42. Suppose 0*z + 15*z + 6*z = 357. Determine c(z).
8
Let x(h) = -h**3 - h**2 - h. Let f(m) = 3*m**3 + 5*m**2 + 3*m. Let t(o) = -f(o) - 2*x(o). Let g = 1607 - 626. Let r = g + -984. Give t(r).
3
Suppose 16673 = 8*d + 16665. Let l(m) = -70*m**2 + m + 1. Calculate l(d).
-68
Let r = -166 + 169. Let o(c) = -31*c**3 + 25*c**r - c**3 + 1. Calculate o(1).
-6
Let g(u) = -u**2 - 14*u - 17. Let n(h) = -20*h - 110. Let w be n(-9). Suppose -4*t - w = -22. What is g(t)?
7
Let a be 3335/29*(2 + (-24)/10). Let c = -42 - a. Let f(z) = z**3 - 2*z**2 - 2*z - 2. Give f(c).
22
Let d(o) be the third derivative of -1/15*o**5 - 1/2*o**3 + 0 + 5*o**2 + 1/6*o**4 + 0*o. Let h be (-7 - (-14 + 1))*(-3)/(-9). Calculate d(h).
-11
Suppose 35*x + 99 = 46*x. Suppose x*c = 17 + 1. Let m(s) = 3*s**2 - 2*s + 2 - 3 + s**2. Calculate m(c).
11
Let z(m) = m**3 - 14*m**2 - 17*m. Suppose 89*d + 87 = 5*c + 93*d, -2*d - 54 = -4*c. Calculate z(c).
-30
Let y(j) = -15*j**2 + 7*j + 52. Let g(r) = 8*r**2 - 5*r - 30. Let h(p) = 11*g(p) + 6*y(p). What is h(-5)?
-3
Let v(p) = 6*p + 1. Suppose 2*m - 29 = -k + 6*k, -1 = k + 2*m. Let b(j) = -2*j + 8. Let a be b(22). Let g be (-3 - a/8)*(7 + k). Calculate v(g).
19
Suppose -t - m = 9, -39*t - 5*m - 39 = -40*t. Let q(r) = -r**3 - 18*r**2 - 17*r - 2. What is q(t)?
-2
Let m(s) = 9*s - 1. Suppose 9*f + 18 = 3*f. Let o be 1 + f - (-9 + 4). Give m(o).
26
Let i(s) = -24*s + s**2 - 39575 - 39595 + 79223. What is i(22)?
9
Let w be (128/(-24) + -8)*(-9)/4. Let a(k) = -17*k - 2 + 2*k + w*k. Calculate a(2).
28
Let k(i) = 3*i**2 - 12*i - 107. Let q(w) = w**2 - 3*w - 33. Let r(g) = -k(g) + 4*q(g). Determine r(0).
-25
Let f be (4 - (7 - 2))*(-1 + 2). Let g be ((-2)/(-9) - 6/27)*f. Let n(m) = -11*m**2 + 19*m**2 + m**3 + g*m - 7*m**2 + 11 + m. Give n(0).
11
Let y(a) be the first derivative of -1/4*a**4 + 7/3*a**3 + a - 126 + 9/2*a**2. Suppose 0*o - 8 = -o. Calculate y(o).
9
Let r(s) = 7*s + 2. Let k = -307 - -311. Suppose 5*j - j = 4, -d = k*j - 3. Determine r(d).
-5
Let f(c) = 8 + c + 6 - 8*c - 28. What is f(-6)?
28
Let w(s) = -s - 6. Let f(o) = 2*o + 5. Let p(t) = 2*f(t) + 3*w(t). Let m(k) = 9*k**2 - 32*k - 7. Let q be m(4). Calculate p(q).
1
Suppose -5*y = -5*q + 10, -3*y = -3*q + y + 6. Suppose 3 = 3*l - 3. Let u(v) = -v**3 + l*v**2 - v**2 - 1 + 2*v + v. Calculate u(q).
1
Suppose 0 = 3*n + 14 + 25. Let a be n/(-13) + (-8)/(-1). Let g(q) = q**2 - 11*q + 13. Calculate g(a).
-5
Suppose -4*v - 4*v - 72 = 0. Let x be 581/(-56) + v/(-24). Let j(u) = -u**3 - 9*u**2 + 13*u + 35. Calculate j(x).
5
Let r(l) = -7*l - 1. Suppose 0*p + 5*z = -p - 11, 0 = -4*z - 12. Suppose u - p = -3*i, -6 + 1 = 5*i. Suppose u = 4*d + c, 5*d - 3*c + 3 = -1. What is r(d)?
-8
Let u(y) = -y**3 + 13*y**2 + 9*y - 18. Suppose -293*o - 111*o = -5252. Calculate u(o).
99
Let j = -176 - -209. Suppose -2*c + n + 13 = 0, -5*n = j*c - 31*c - 19. Let y(z) = -3*z + 10. Let a(s) = -4*s + 10. Let m(v) = 2*a(v) - 3*y(v). Calculate m(c).
-3
Let h be 14168/(-60) - (-16)/120. Let z = h - -225. Let f(o) = 2*o + 8. Calculate f(z).
-14
Suppose 2*d = -2*s + 5*d - 9, s + 4*d = 12. Suppose s = 18*v - 9 - 81. Suppose -13*u = -v*u - 32. Let k(c) = -3*c + 4. Give k(u).
-8
Let m(c) be the first derivative of -3/2*c**2 + 7*c + 11 + 1/6*c**3. Let v(x) be the first derivative of m(x). Give v(5).
2
Let z(b) = 127*b + 45. Let s(c) = 24*c + 9. Let m(t) = -11*s(t) + 2*z(t). Determine m(1).
-19
Let r(t) = -2*t + 7. Let k(n) be the third derivative of 1/4*n**4 + 0 + 1/120*n**6 + 1/10*n**5 + 1/3*n**3 + 0*n - 27*n**2. Let c be k(-2). Determine r(c).
-5
Suppose -2*c = -4*k - 10, 5*k - 20 = -5*c + 5. Let d(t) be the second derivative of -5/6*t**3 + 1/2*t**2 - 38*t + 0 - 1/20*t**5 + 1/2*t**4. Determine d(c).
1
Let h(u) = -11*u + 183. Let q(l) = -5*l + 73. Let y(b) = 2*h(b) - 5*q(b). Let c(n) = -n**2 - 8*n - 1. Let k be c(-8). Let a = k + -1. Determine y(a).
-5
Let c(r) be the third derivative of -r**6/120 - r**5/5 + 13*r**4/12 - 43*r**3/6 + 29*r**2 + 15. Calculate c(-14).
-15
Let h = 131 + -108. Suppose 7*o - h = 19. Let b(u) = -u**2 + 6*u + 4. Calculate b(o).
4
Suppose k - 5 = t, 2*k + 81*t - 15 = 82*t. Let m(c) = -c**3 + 11*c**2 - 12*c + 11. What is m(k)?
-9
Let u(n) = n + 9. Let l(x) = -66*x - 68*x + 8 + 133*x. Let h be l(1). Determine u(h).
16
Let y = -29401 - -176413/6. Let u(p) be the third derivative of -1/60*p**5 + 13*p**2 - 1/12*p**4 + 0 + 0*p + y*p**3. Give u(5).
-28
Suppose 0 = 5*y - 2 - 38. Let f(v) = -24476*v + 12232*v + 12237*v + v**2. Determine f(y).
8
Let a(m) = 6*m + 1. Let t(d) = 4*d - 47. Let h(q) = 2*a(q) + t(q). Determine h(3).
3
Let d(b) = 19*b + 3*b - 12*b + b**2 - 3. Give d(-5).
-28
Let a(u) = -u**3 - 116 + 139 - 12*u**2 + 16*u - 9*u. Give a(-13).
101
Let d = 0 - 12. Let x(h) = -3*h**3 + 17*h**2 - 31*h - 6. Let b(s) = -2*s**3 + 8*s**2 - 16*s - 2. Let a(o) = 5*b(o) - 3*x(o). Calculate a(d).
-4
Let s(v) = 1. Let w(c) = 21*c + 2. Let u(m) = s(m) - w(m). Suppose f + 62 + 107 = 5*p, 0 = 5*f + 4*p + 845. Let b = -170 - f. What is u(b)?
20
Let u be 0 - -22 - (4 - (-15)/3). Let s(w) = 3*w - 41. Determine s(u).
-2
Let t(f) = 4*f + 14. Let s be ((-10)/2)/(55/(-33)). Let l(w) = -5*w - 16. Let m(y) = s*l(y) + 4*t(y). Give m(-7).
1
Suppose 38*q - 49*q = -44. Suppose -2*p - q*h + 10 = 0, 3*p + 6*h = 3*h + 18. Let f(d) = d**3 - 7*d**2 - d - 4. Give f(p).
-11
Let d(f) = 269*f**3 + 18 - 55*f**2 + 10*f - 268*f**3 + 42*f**2. Give d(12).
-6
Suppose -152 + 110 = -7*i. Let b(m) = -784 + 392 - i*m + 385. Suppose 4 + 20 = -4*o. What is b(o)?
29
Let q = 496 + -535. Let n(f) = 9*f + 358. Determine n(q).
7
Let s = -4 + -2. Suppose 272*u = 278*u - 402. Let q(c) = 257*c - 66*c - 64*c - u*c - 61*c - 11